577
Calculate the highest common divisor of 3970176 and 205408.
1568
Calculate the greatest common divisor of 31269 and 260337.
21
What is the greatest common divisor of 29184 and 196178496?
3648
Calculate the highest common divisor of 89204686 and 226.
226
What is the greatest common factor of 525336270 and 50?
10
Calculate the highest common factor of 11348082 and 3147.
3147
Calculate the greatest common factor of 45292018 and 353.
353
Calculate the greatest common divisor of 192 and 5175408.
48
What is the greatest common factor of 5200 and 95491825?
325
What is the highest common factor of 951560 and 208?
8
What is the greatest common factor of 98 and 121350796?
14
What is the highest common factor of 196968 and 63132?
12
Calculate the highest common factor of 52089 and 587478.
537
What is the greatest common factor of 9428 and 92203483?
2357
What is the greatest common divisor of 9451295 and 35?
35
What is the greatest common divisor of 241226 and 274014?
2342
What is the greatest common divisor of 173588969 and 652?
163
What is the greatest common factor of 1302 and 1052078?
62
What is the greatest common divisor of 733569 and 459633?
1317
Calculate the highest common divisor of 10137 and 333213.
327
What is the highest common divisor of 132 and 4837116?
12
Calculate the greatest common factor of 85 and 7137484.
17
Calculate the greatest common divisor of 9502085 and 815.
815
Calculate the greatest common factor of 8280 and 273830640.
2760
What is the highest common divisor of 44927520 and 3080?
440
Calculate the highest common factor of 31006 and 4914562.
74
Calculate the highest common divisor of 6957469 and 251.
251
What is the highest common factor of 186405352 and 287?
287
Calculate the highest common factor of 45702 and 7218.
18
What is the greatest common divisor of 10034813 and 140597?
2383
Calculate the greatest common divisor of 1160 and 426840.
40
What is the greatest common factor of 1806 and 889494?
6
Calculate the highest common divisor of 3950 and 238550.
50
What is the highest common factor of 6367307 and 62?
31
Calculate the highest common divisor of 42 and 167048238.
42
What is the highest common divisor of 48676 and 2070364?
172
Calculate the greatest common divisor of 58872 and 4476.
12
What is the highest common divisor of 5880 and 533430?
30
Calculate the highest common factor of 4120 and 112141456.
824
What is the highest common divisor of 2726943 and 10688?
167
Calculate the greatest common factor of 646 and 114483797.
323
What is the highest common divisor of 16 and 213253?
1
What is the highest common factor of 2560 and 268530?
10
Calculate the highest common factor of 5539 and 253199.
29
Calculate the highest common factor of 412689 and 5037.
69
Calculate the highest common divisor of 5885745 and 45.
15
What is the greatest common divisor of 870138 and 2304?
18
Calculate the greatest common divisor of 4833 and 602262.
27
What is the greatest common factor of 583515774 and 24872?
6218
Calculate the highest common factor of 669 and 63149809.
223
What is the greatest common divisor of 2514 and 13365681?
1257
Calculate the greatest common divisor of 253429216 and 256.
32
Calculate the greatest common factor of 489 and 250084217.
163
What is the highest common divisor of 1153245 and 735?
15
What is the highest common factor of 14716640 and 190?
190
What is the highest common divisor of 40635 and 83894265?
945
What is the highest common divisor of 18293825 and 6325?
275
Calculate the greatest common factor of 5070369 and 5032.
629
Calculate the highest common divisor of 17818 and 7462202.
118
Calculate the greatest common divisor of 13775 and 22059836.
551
What is the highest common factor of 8 and 46657304?
8
Calculate the highest common factor of 59323894 and 651.
217
Calculate the greatest common divisor of 371376308 and 46.
46
What is the greatest common factor of 9337356 and 320436?
7452
What is the greatest common divisor of 2459548 and 8736?
364
What is the highest common factor of 35 and 137026225?
35
What is the greatest common factor of 24 and 2961042?
6
What is the greatest common factor of 1779034 and 99480?
1658
What is the highest common factor of 57293740 and 20272?
5068
Calculate the greatest common factor of 5714325 and 1800.
225
What is the greatest common divisor of 210 and 45365110?
70
What is the highest common divisor of 872 and 1955569?
109
What is the greatest common factor of 50212521 and 818?
409
Calculate the greatest common factor of 34 and 22193466.
34
What is the greatest common factor of 2052030 and 106818?
5622
What is the greatest common factor of 457880258 and 5874?
1958
What is the highest common factor of 1795 and 3008061?
359
Calculate the greatest common divisor of 24605120 and 625600.
5440
What is the highest common divisor of 69093 and 28649711?
853
Calculate the greatest common factor of 2310 and 3545640.
210
Calculate the highest common factor of 81 and 13580514.
27
Calculate the greatest common divisor of 12649 and 7708106.
973
What is the highest common divisor of 7560 and 1517616?
216
Calculate the greatest common divisor of 124 and 198028.
124
Calculate the highest common divisor of 468 and 7472664.
36
Calculate the greatest common divisor of 42181470 and 180.
90
Calculate the greatest common factor of 196772958 and 184.
46
Calculate the highest common factor of 30960949 and 3302.
127
What is the greatest common divisor of 726 and 15170254?
242
Calculate the greatest common divisor of 137280 and 317616.
624
Calculate the highest common factor of 2182383518 and 28.
14
What is the highest common divisor of 315 and 74080265?
35
Calculate the greatest common divisor of 64 and 9140588.
4
What is the highest common factor of 4383887 and 1037?
61
What is the highest common factor of 100677168 and 218224?
9488
What is the greatest common divisor of 130 and 63398960?
10
Calculate the highest common factor of 4536 and 6840792.
504
What is the greatest common factor of 24167 and 4508075?
1859
What is the highest common divisor of 208 and 1738152?
104
Calculate the highest common factor of 74973 and 61707.
201
Calculate the greatest common divisor of 11613 and 64596.
21
What is the greatest common factor of 120 and 2740860?
60
Calculate the highest common divisor of 322063 and 959.
7
Calculate the highest common divisor of 2904998 and 2032.
254
What is the greatest common factor of 15516056 and 2840?
568
What is the greatest common divisor of 6159902 and 178486?
854
Calculate the highest common divisor of 3502719 and 1881.
99
What is the highest common divisor of 2190620 and 98260?
5780
What is the highest common divisor of 50192480 and 4499?
409
Calculate the greatest common factor of 1785 and 199869.
51
What is the greatest common divisor of 970 and 345320?
970
Calculate the highest common divisor of 1550 and 17450.
50
What is the greatest common factor of 35373 and 5187?
39
Calculate the greatest common divisor of 36358 and 62980974.
686
Calculate the highest common factor of 134409515 and 95.
95
Calculate the highest common factor of 4600 and 122072.
8
Calculate the greatest common factor of 1670 and 7281868.
334
What is the highest common factor of 6640166 and 5810?
166
Calculate the greatest common factor of 284228 and 45612.
28
What is the highest common divisor of 14477 and 1082506?
467
Calculate the highest common factor of 14905 and 249150.
55
What is the greatest common divisor of 63114 and 108330?
942
What is the highest common factor of 1768 and 34135660?
884
What is the highest common divisor of 3376 and 54298740?
844
What is the greatest common factor of 848 and 6190816?
16
Calculate the greatest common divisor of 35986910 and 740.
10
What is the greatest common factor of 663 and 11099725?
221
What is the greatest common factor of 65844791 and 782?
391
What is the greatest common factor of 190 and 608072485?
95
Calculate the highest common factor of 3832 and 385384.
8
What is the highest common divisor of 364 and 18495386?
182
What is the highest common divisor of 24000 and 104925?
75
Calculate the highest common divisor of 1388222421 and 447.
447
What is the greatest common factor of 92824 and 10880?
8
Calculate the greatest common divisor of 28055190 and 23922.
